 the value of 59 - (11 + (-13 - 12) + -3 + 29)?
47
What is 30 + 41 + -69 + -13 + 25?
14
31 + 2 + (-57 + 56 - 5)
27
-9 - -23 - 79 - -38
-27
Evaluate -11 - -34 - (6 + (8 - (35 - 5))).
39
-5102 + 5152 - (61 + -1)
-10
-332 + 313 + 57 + -4 + -4
30
What is the value of (2 - (-46 - -3)) + (-6 + 41 - 20)?
60
Evaluate -63 - ((-69 - 64) + -16).
86
What is 14 + -45 + 5 + -4 + (-13 - -24)?
-19
What is 54 + -44 + -121 + (6 - -19)?
-86
Evaluate -10 + 93 + (222 - 180).
125
What is the value of (6 - 3 - (35 + (-41 - -16))) + 103?
96
1 - 38 - (-221 + 239 + -1 + -20)
-34
What is (80 - 130) + 26 + 13 - (-11 - -1 - 1)?
0
What is the value of (-412 - -435) + -20 + -9?
-6
Calculate -71 + (152 - -125 - 131).
75
35 + -29 - 22 - (2 - 22)
4
Calculate 27 + (45 - (99 - 32)) + -3.
2
Calculate -3 + -35 + 86 + -63 + -2.
-17
Calculate (845 - 808) + 1 + 13.
51
What is the value of 16 + -37 + 48 - (-14 + (16 - 6))?
31
What is the value of -8 + (0 - -5) - (-97 + 124)?
-30
Evaluate 92 + 40 + (-26 - 53).
53
(-17 + 9 - (46 - 12)) + (-3 - (1 + -5))
-41
Calculate 96 - (-24 + 106) - -97.
111
Calculate -187 - -185 - (-21 + -5) - 3.
21
(-1 - 4) + 5 + (-1 - 0) + (119 - 116)
2
(37 - (-36 + 44)) + -12 + 65
82
What is (-1 + -18 - (-87 + 49 + 28)) + 29?
20
What is the value of 2 - 0 - (-16 + 43 - 21)?
-4
Calculate 19 + (5 + -15 + 9 - 4 - (5 - 3)).
12
-2 - (2 + -16) - ((1046 - 968) + (-117 - 3))
54
Evaluate 20 + -27 - -14 - 7 - (11 + (-8 - -3)).
-6
Evaluate (-25 - 38 - -38) + 10.
-15
Calculate -28 - 1 - (-99 - -74).
-4
What is the value of (1 - 7) + (-1875 - -1833)?
-48
-5 + -3 + 691 + -644
39
Evaluate 4 + -2 + -10 - (-922 - -947) - 4 - -3.
-34
Evaluate -110 + 133 - (-4 + 8) - -11.
30
What is -47 + 68 - (13 - -3) - -24?
29
Calculate 18 - (18 + -47 + 44).
3
Calculate (-129 - (-40 + -57)) + 0 + 44.
12
What is (-13 + -32 - 8) + 9?
-44
Calculate -319 + 237 - (11 + -57).
-36
What is the value of 0 + (3 - 0) + (-4 - 1) + 985 + -978?
5
17 + (-46 - 2) + 27 + -8
-12
(-1 - 16) + (-124 - -151) - (-3 + -37)
50
What is (14 + 5 - 26) + (22 + -9 - -18)?
24
What is the value of 19 + -12 + (-25 + 23 - (13 + 3)) - -48?
37
Evaluate -2 + -42 - (-129 + 91) - -8.
2
-24 + (19 - 22 - 8 - (-3 + 4 - 6))
-30
-50 + 16 + -4 + -11 + 11 + -7
-45
What is the value of (66 - (-5 - -10)) + (2 - 15) - (3 + 3)?
42
35 - (-34 + (-25 - -44))
50
Calculate (1 + (-11 - (-34 - 1)) - 6) + (-16 - -11).
14
Calculate 82 + -83 + (0 + 83 - -10).
92
What is the value of (-3 + (11 - 4) + -7 - 5) + 3 - -14?
9
Calculate 7 + (16 - -2) + 39 + -85.
-21
2 - (1 - -2) - (-51 - -92 - 34)
-8
Calculate -11 - (336 + -346 + (58 - 0)).
-59
What is (128 - 83) + 2 + 37?
84
What is the value of -10 + 19 + (8 - 4) - (2 - 6)?
17
What is the value of (59 - 51 - (2 - 0)) + 30 + -39?
-3
Evaluate (-10 - (0 + -85)) + 13 + (-22 - -34 - 21).
79
What is -78 + (43 + -44 - -39)?
-40
What is the value of 2 - 21 - (-123 - -155)?
-51
Calculate -112 + 171 - (4 + (0 - -4)) - 4.
47
(-143 - -431) + -312 + (91 - (-2 - -2))
67
What is the value of 12 + 3 + (-6 + (4 + 12 - 123) - -13)?
-85
Calculate -2 + 8 + -8 + -8 + 0 + -74 + 2.
-82
Evaluate -34 + 166 + -191 + (-1 - 1).
-61
Calculate -2 - (26 + (12 - 1 - 7 - (16 + -9))).
-25
Evaluate 5 + -1 + 3 - (70 - (-90 - -197)).
44
Calculate (-3 - (-35 + 40)) + (-3 - -1) - -59.
49
Calculate -2 + (3 - (-33 + (22 - 35))).
47
-54 + 84 + 0 + (1 - (10 + -2))
23
62 + (3 - -4) + (-9 + 18 - 6)
72
What is the value of 62 + -42 + -16 - (-6 - 17)?
27
Evaluate -1 + 57 - (7 + -10 + 22).
37
What is 14 - (16 - 35 - -15) - -13?
31
(845 - 908) + 0 + 23
-40
Evaluate 97 + -18 + 6 + 14 + -5 - -21.
115
-1 + 0 + 12 + 31 + -6
36
Calculate (39 - (-46 - -62)) + (8 - (2 - -149)).
-120
What is the value of -4 - (85 + -39 - 82)?
32
What is -75 + 82 + 56 - -14?
77
Evaluate 127 - 62 - 48 - 26.
-9
What is the value of 80 + (70 + 6 - 118)?
38
Evaluate -2 - (-115 + 14 + 17 - (-1 - -15)).
96
-2 + 3 + 1 + 73 - (-1 + (6 - -5))
65
-2 + 2 + 2 - (37 - (38 + 35 + -13))
25
What is (12 + -9 - 9) + 12 + -14 + -9?
-17
Evaluate -53 + -1 + -11 + 13 - (-10 - 5).
-37
What is the value of (-27 - -73) + (24 - 17)?
53
12 + (-18 + -6 - -5) - (-9 + 12 + -65)
55
What is (15 + 2 - (48 + -71 + 22)) + -27?
-9
42 + (-188 - -90) + 38
-18
Calculate -48 + 2 + 38 + -46.
-54
What is the value of 85 - 36 - (4 + 4 + -2)?
43
Evaluate ((20 - 20) + (-80 - -2) - -11) + 6 + -5.
-66
(-10 - -19) + -48 + 30
-9
29 + (-648 - -639 - (4 + (-1 - 0)))
17
Evaluate -168 + (-4 - -189) + -8 + -1.
8
Calculate -54 + -6 + 2001 + -1998.
-57
What is 62 + (-66 - (9 - 31))?
18
What is 364 - 404 - (-76 - -11)?
25
Calculate 57 - (35 - (-10 - -38)).
50
What is -16 + 9 - -96 - 2 - (14 + 0)?
73
What is (-8 - (-1 - -1)) + 177 + (-93 - 51)?
25
Evaluate (-4 - -30) + 2 + -15 - 66.
-53
Calculate (-4704 - -4672) + 24 + -1.
-9
Evaluate (123 - (-25 - -55)) + -42.
51
Evaluate (-1 - 0) + (-13 - -32 - 47) + 3.
-26
What is -225 + 144 - (11 + -12 + 9 - 19)?
-70
Evaluate -23 + (15 - -1) + (-118 - -103).
-22
Calculate -1 + -50 + 28 + (3 - -56).
36
Calculate 35 - 1 - ((-9 - 30) + 54).
19
Evaluate 1 + 46 - (3051 + -2968).
-36
Evaluate -43 - (-69 + (-49 - -58)).
17
What is the value of 15 + -1 + -11 - (-16 - 18) - -3?
40
What is -3879 + 3877 - (1 - -34)?
-37
What is the value of (-70020 - -69942) + (24 + (-2 - -1) - 1)?
-56
What is the value of -4 - (5 + -10 - 29 - (65 + -76))?
19
What is the value of (-5 - 32) + (-429 - -459)?
-7
What is the value of 9 - ((5 + -5 - 9) + -1 - -2) - 1?
16
What is (-67 + 38 + 12 - (-12 + -2)) + 73?
70
What is 74 - (151 - 42) - (-16 + -6)?
-13
Evaluate -46 - (11 + 28 + -38) - (1 - 23).
-25
What is the value of 14 - (-38 - (22 - 25)) - ((-4 - -5) + -7)?
55
What is (0 - (-10 + 7 + (-11 - -16) + -4)) + 40?
42
Calculate 17 + -1 + 0 - (291 - (136 + 179)).
40
What is the value of 17 + (-19 - 45) + 97?
50
Calculate (-3 + (10 - 4) - 12) + 99 + -5.
85
What is the value of (-16 - 5) + (-2 - 13) - 4?
-40
What is the value of 102 + (-33 - 0) + -22?
47
What is 1 + -20 - (-13368 - -13450)?
-101
Calculate 99 + -34 + 24 - 197.
-108
What is the value of (-9 - (14 + 0)) + 22 + (-13 - -2)?
-12
What is 22 - (-1 - -2 - (65 + -55 - 45))?
-14
What is 21 - (4 - (-6 - -10 - 2 - 7)) - -76?
88
What is the value of 10 + -58 + -11 - -98?
39
5168 - 5231 - (1 + -16)
-48
Calculate 53 - (-34 - -52) - 12.
23
31 + -33 + -53 + 26 - 29
-58
What is -2 + 2 - (-19 + 0 - (-58 - (-27 - 67)))?
55
Evaluate -13 - (3 - (6 - 15 - -17)).
-8
Evaluate -24 - (119 - (-85 + 250)).
22
Calculate (-3003 - -3001) + (-2 - 14) + -1.
-19
Evaluate -46 + -76 + -7 + 63.
-66
What is the value of (3 - (109 - 20 - 28)) + 26?
-32
Calculate 8 + (-17 - -5) + 1 + 14 - (89 - 9).
-69
455 - 460 - (4 - 65)
56
What is (3 - -2) + 3 + -15 + 38 + -7?
24
Evaluate (-58 - -28) + -3 - -17.
-16
(-11 - 1) + -2 + 2 + (15 - (17 + -3))
-11
Calculate -9 + (9 + -8 - -11) + (0 - -8) + -8.
3
(-9 + 34 - 27) + -23
-25
Calculate 1 + (-39 - 41) - (6 + (2 + 7 - 2)).
-92
Evaluate 3 + (4 - 23) - (27 - (9 + 30)).
-4
What is -1 + (0 - 1 - -3) - (-13 + 23 - -8)?
-17
What is -7 - 1 - -6 - (21 - (-1 + -12))?
-36
Evaluate (4238 - 4333) + (1 - -24).
-70
What is 11 - ((136 - 112) + (-7 - -2) + 10)?
-18
Calculate 12 - ((-29 - -5 - -8) + -34).
62
What is the value of -4 + -13 + 54 + -14 + -25?
-2
Calculate (-79 - (34 - 101)) + 64.
52
Evaluate (18 - (49 + -6 - 13)) + -20.
-32
What is the value of (41 - 32) + -51 + 7?
-35
Evaluate 2 + (-1 - -7) - (-40 + 104 + -52).
-4
Evaluate (36 - 4) + -19 - 19 - (10 + -3) - -34.
21
Evaluate (12 - (84 + -28 - 29)) + 19 + (0 - -18).
22
Calculate -44 + -31 + 169 + -49.
45
Calculate 960 - 938 - (-1 + -74).
97
Evaluate 8 - (-9 - (-23 + 23 + -6 + -15)).
-4
What is -91 + -5 + 2 + 18 - 24 - -15?
-85
What is the value of 7 + -25 + 7 + (2 - (16 - 10) - -105)?
90
Calculate -11 - (-36 + 19 + 31 - -99).
-124
(11 - (10 - 0)) + (-15 - 4) + 89
71
-63 + 51 - (-7 - (9 - 3 - -4 - 10))
-5
Calculate 7 - (5 - (3 + 8) - ((-2 - 9) + 5)).
7
Calculate (9 + 32 - -2) + (-296 - -285).
32
Evaluate -21 - (-48 - (-12 - (-56 + 24 + 1))).
46
Evaluate (-26 - (-1 - -15)) + (-17 + 3 - -15).
-39
Calculate (-1 + 4 - 12) + (-42 - -62).
11
What is the value of -32 + (-35 - -54) - (-84 - -2)?
69
What is 1 - (0 - -13 - -18 - -14)?
-44
Evaluate -37 - (-17 + 25) - (-5 - (-3 + -2 + 8)).
-37
What is the value of -3 - (-20 - -5) - 64 